*l = x*j - 466. List the prime factors of j.
233
Suppose 2*j + 50 = 3*s, 0 = -s - j + 3 + 12. Suppose 7 = -3*v + s. Suppose 5*r + 0*b - 709 = -3*b, -4*r = -v*b - 578. What are the prime factors of r?
11, 13
Suppose 125*d - 68855 = -4*u + 128*d, -5*d - 34417 = -2*u. List the prime factors of u.
2, 269
List the prime factors of (-9153)/45*(-70 - -10).
2, 3, 113
What are the prime factors of 180/(-162) + (-410304)/(-108)?
2, 3, 211
Let x = -2769 - -4015. Let m = x + -885. List the prime factors of m.
19
Let h(n) be the third derivative of -n**6/120 - n**5/5 + n**4/12 - 5*n**3/3 - 38*n**2. Let k be h(-12). Let z = k + 175. List the prime factors of z.
3, 47
Let f(i) = i**3 - 20*i**2 + 20*i - 7. Suppose 28 = 2*o - 2*h - h, 12 = -o - 5*h. Suppose -2*a + 30 + o = 0. What are the prime factors of f(a)?
2, 3
Let b(i) = i**3 + 17*i**2 + 2*i + 37. Let c be b(-17). Suppose c*t = -16 + 4, p = -t + 158. What are the prime factors of p?
2, 3
Let s = -88 + 90. Suppose 0 = -s*h + 2*w + 1056, 5*h - w = -232 + 2876. Suppose 4*y - 16 = 0, 2*y - h = -3*u + 4*y. List the prime factors of u.
179
Let u(f) be the second derivative of 22*f**3/3 + 2*f**2 - 8*f. Suppose 6*r + 49 - 79 = 0. What are the prime factors of u(r)?
2, 7
Suppose -7*w - 338 = 3*q - 8*w, -3*q = 4*w + 358. Let h = 261 + q. List the prime factors of h.
3, 7
Let r(x) = 23*x + 10. Let f(d) = 2*d - 2. Let n(b) = 5*f(b) - r(b). Suppose -u - 4*u - 3*q - 33 = 0, 39 = -3*u + 3*q. List the prime factors of n(u).
97
Let r = -25 - -25. Let y(t) = 12 - 7*t - 7 + r + 3*t + 4*t**2. What are the prime factors of y(3)?
29
Let k be (-271)/(-4)*(7 - 3). Let q = -94 + k. Suppose -8*h - q = -11*h. What are the prime factors of h?
59
Suppose 5*w + f - 21 = 0, w = -4*f + f + 7. Suppose -5*g = w*g - 45. Suppose -g*n = 5*m - 163 - 467, n - 5*m - 156 = 0. List the prime factors of n.
131
Suppose 5*m = -31 - 9. Let k(c) = 2*c**2 - 27*c - 10. What are the prime factors of k(m)?
2, 167
Suppose 75*m = -213*m + 576. Let x = 2 + 0. Suppose 0*y + 5*o - 80 = -x*y, -2*y + m*o = -52. What are the prime factors of y?
2, 3, 5
Let c be (96/(-2))/((63/(-102))/7). Suppose -7*n + 107 = -c. What are the prime factors of n?
3, 31
Let b(d) = -d**3 + 29*d**2 + 76*d - 419. What are the prime factors of b(22)?
3, 7, 13, 17
Suppose 4152 = -19*h + 17870. List the prime factors of h.
2, 19
Let o be (-476)/420 + 2/15. What are the prime factors of (1 - 349)/(o + 0)?
2, 3, 29
Let a(r) = -r**2 + 18*r + 16. Suppose h = 5*n - 3 + 2, 4*n = -2*h + 54. Let j be a(h). What are the prime factors of 1*-183*j/9?
61
Suppose 11*p + 3 = 8*p, -p - 397 = -4*o. Let m = 4 + -2. Suppose m*f = 3*f - o. List the prime factors of f.
3, 11
Let m(s) = -24*s**2 - 4*s. Let y(d) = 23*d**2 + 3*d - 1. Let v(n) = -5*m(n) - 6*y(n). Let g be v(6). List the prime factors of g/(-15) - (0 - 1 - -3).
2, 5
List the prime factors of ((-9)/3 - (-32601)/(-9))*(-21)/14.
2, 2719
Suppose -3*m + 66399 = 2*d, -4*d - 3*m + 149033 = 16220. What are the prime factors of d?
3, 11069
Let l(o) = -o - 4. Let u be l(-9). Suppose -533 - 1006 = -5*z - d, -u*d + 611 = 2*z. Suppose -3*m = m - z. What are the prime factors of m?
7, 11
What are the prime factors of (-3 - -3)/(-1) + 7596/18?
2, 211
Let b(h) = -13*h**3 - 7*h**2 - 6*h - 1. Let u be (-2)/(-18) - ((-256)/(-36) - 3). What are the prime factors of b(u)?
743
Let n(l) = 2*l**3 - 9*l**2 + 26*l + 17. Let u be (12*(-27)/(-12))/3. What are the prime factors of n(u)?
2, 5, 7
Suppose -8*r + 12237 + 60212 - 65 = 0. What are the prime factors of r?
2, 3, 13, 29
Suppose 4*t = -8*t + 34260. Let h = t - 1239. List the prime factors of h.
2, 101
Let x(i) = -i**3 - 83 - 4*i - 76 - 5*i - 8*i**2 + 2*i**2 + 150. Suppose 0*a = 5*a + 30. What are the prime factors of x(a)?
3, 5
Let i(z) = 525*z**2 + 247*z - 1211. List the prime factors of i(5).
3, 487
Let l(w) = -12*w + 313. What are the prime factors of l(-57)?
997
Let j be ((-28)/7)/((-1)/4). Suppose -3*b - j*b + 5586 = 0. List the prime factors of b.
2, 3, 7
Let s(a) = 1018*a**2 + 67*a + 333. List the prime factors of s(-7).
2, 3, 8291
Let r(m) = -m**3 + 15*m**2 - 14*m + 1. Let h be r(14). Let t be h + -3 - (-834)/3. Suppose 4*q - 2*v - 370 = 0, 3*q - 4*v = -v + t. List the prime factors of q.
3, 31
Let k(q) = -320*q + 8. Suppose 1 = i + r, -3*i + 3 = r + 4. List the prime factors of k(i).
2, 41
Let t(x) = -28*x - 18*x - 9 + 6 + 8. Let f be (-3)/2*(-12)/(-9). List the prime factors of t(f).
97
Suppose -70*c + 684936 = -16*c. What are the prime factors of c?
2, 3, 7, 151
Let d = 710 + -1110. Let l be (-7)/(28/d) - 2. Let h = l - 29. What are the prime factors of h?
3, 23
Suppose -3*f + 6 = 6. Suppose f = -4*z + 61 - 41. Suppose -x = z - 47. List the prime factors of x.
2, 3, 7
Let c(b) = 9*b**2 + 17*b + 13. Let w(f) = 17*f**2 + 34*f + 26. Let x(l) = -11*c(l) + 6*w(l). List the prime factors of x(-16).
509
Let g(v) = -170*v - 11. Let y be g(-6). Let u = 1566 - y. What are the prime factors of u?
557
Let t be (17/2)/(28/56). What are the prime factors of 9 - t - (-863 - -4)?
23, 37
Let o(z) = -4*z**3 + 13*z**2 - 14*z + 7. Let w be o(9). Let m = -1308 - w. List the prime factors of m.
2, 337
Suppose -3*q + 6*x - 9*x + 5622 = 0, 6*x = 0. What are the prime factors of q?
2, 937
Suppose -30*r + 126153 + 722018 = -603049. What are the prime factors of r?
2, 19, 67
Let w(s) = -21 - 17*s - 14*s**2 - 8*s - s**3 + 20. Let q be w(-12). List the prime factors of 2/q - ((-2988)/22 + -4).
2, 5, 7
Let g be (-281 + 269)*(-41)/2*-1. Let z = 791 - g. What are the prime factors of z?
17, 61
Let t(w) = -w**2 + 16*w - 65. Let b be t(9). List the prime factors of (-3 - b)*-4 + 182/7.
2, 3, 5
Suppose 0 = 5*r + 3*j - 12512, -26*j = -3*r - 29*j + 7500. List the prime factors of r.
2, 7, 179
Let d(m) = -15*m - 7*m - 13*m - 6. Let q be (1 - -2)/(108/(-16) + 6). List the prime factors of d(q).
2, 67
Let v(n) = -n**2 + 8*n. Let y(s) = -s**2 + 7*s. Let x(t) = -4*v(t) + 3*y(t). Let b be x(12). What are the prime factors of 43 - 3*16/b?
3, 13
Let b(r) be the third derivative of -131*r**4/24 - 11*r**3 - 21*r**2. What are the prime factors of b(-5)?
19, 31
List the prime factors of 70/28 - (-350595)/42.
2, 5, 167
Let w(p) = -p**2 + 2*p - 21. Let j be w(0). What are the prime factors of (-1)/2*1302/j?
31
Suppose 3*d + d = 3*a + 6, 2*a - 1 = d. Let s be (4396/18 - a) + 14/(-63). Suppose -6*u + 880 + s = 0. What are the prime factors of u?
11, 17
Let c be (-354)/(-2 - 1) - (-56)/14. Let w = 772 + c. What are the prime factors of w?
2, 3, 149
Let x(b) = 2*b**2 + 9*b. Let r be x(-8). Let y be (-182)/r*32*-1. Suppose y*o = 101*o + 600. What are the prime factors of o?
2, 5
Suppose -t = -3*f + 228, -5*t + 117 + 93 = 3*f. Suppose g = -f + 259. What are the prime factors of g?
2, 23
Let m = -17 - -595. What are the prime factors of (-12 - -6 - -6) + m + -1?
577
Let j(b) be the third derivative of b**5/60 + 23*b**4/24 - 7*b**3 + 39*b**2. Let y be j(18). Suppose y - 102 = 3*c. List the prime factors of c.
2, 3, 11
Let w(a) = 7*a - 319. Let x be w(46). Suppose -5*r + 6791 = x*k, -2*r = 2*k - 352 - 2362. What are the prime factors of r?
2, 5, 17
Suppose 2*a - 8 = -4*o, 0 = 3*o - 3*a - 5 - 1. Suppose o*p + 2*i = 1022, -3*i + 127 = -4*p + 2185. List the prime factors of p.
3, 19
Suppose 14 = 3*d - d. Suppose 5*f + 5*v + 5 = 0, 2*v - 37 + 43 = -3*f. Let i = d - f. What are the prime factors of i?
11
Suppose -601*q + 3*k = -600*q - 14349, -2*q + k = -28688. What are the prime factors of q?
3, 7, 683
Suppose 15*o = 8*o + 37758. List the prime factors of o.
2, 3, 29, 31
Suppose 3*n + 5*g - 75590 = 0, 5*n - 4*g - 97954 = 27980. List the prime factors of n.
2, 5, 11, 229
Let v(d) = 2*d**2 - 11*d + 25. Let s be v(5). Let x be (-6)/(-4)*s/15. Suppose 186 = x*j - 0*j. What are the prime factors of j?
3, 31
Let o be (-6)/(-27) + (-258)/(-54). Suppose -o*g + 96 = 3*g. What are the prime factors of g?
2, 3
Let m be 1 - 7/(-28)*4. What are the prime factors of -43*((-2)/m + 0)?
43
Let g(k) = -k**2 - 8*k - 1. Let t be g(-9). Let h(c) = 7*c**2 + 9*c + 1. What are the prime factors of h(t)?
13, 47
List the prime factors of ((-80)/90)/(44/(-975150)).
2, 5, 197
Let h(t) = -156*t + 18. Let z be h(-2). Suppose 35*m + z = 38*m. List the prime factors of m.
2, 5, 11
Suppose -3*f +